0/m*-3. Let c = f - -109. What is the hundreds digit of c?
2
Let c(n) = -2*n**3 + 6*n**2 - 7*n - 10. Let z be c(8). Let d = z - -1974. What is the thousands digit of d?
1
Let o(h) = -h**2 - 4*h - 2. Let b be o(-2). Let t be (b - (-12)/14)/(22/77). What is the tens digit of t/8*(-72)/(-2)?
4
What is the tens digit of 9/((8 - -2)/12510)?
5
Let n(q) = -q**3 + 17*q**2 - 6*q + 28. Let v be n(17). Let i = v - -95. Let f = 2 + i. What is the units digit of f?
3
Suppose -3 = l - 1. Let r be (1 - 0)*(l - -447). What is the tens digit of (6*2/(-30))/((-1)/r)?
7
Let l(j) = 13*j - 5. Let p be 0/(4 - 1)*(-2 - -3). Let x be (0 - p - -4) + -1. What is the units digit of l(x)?
4
Let d(u) = u**2 + 10*u - 27. Suppose 2 = 2*i + 4, 2*i - 58 = 4*h. Let w be d(h). Let b = w - -31. What is the units digit of b?
9
What is the units digit of (2 + (-126)/45)*-245?
6
What is the units digit of 7837 - (1/(-1)*(-27 + 22) - 5)?
7
Let w(y) = 4*y**2 + 23*y + 6. Let l be -5 + 6 + 5 + 3. What is the hundreds digit of w(l)?
5
Let n(r) = -r**2 - 20*r + 7. Let z be n(-20). Suppose z*d - 1720 = -3*d. Suppose 0 = -2*a + 4*p + d, 0*p + 5*p = 3*a - 258. What is the tens digit of a?
8
Suppose 0 = -q + 3*r + 46 + 21, -2*q + r + 144 = 0. Let p = q - 44. Suppose y - 69 = p. What is the tens digit of y?
9
Let c = -6780 - -9622. Suppose -c = 41*r - 48*r. What is the units digit of r?
6
Let s = -413 - -288. Let n = s + 160. What is the tens digit of n?
3
Suppose 7621289 = 157*l - 4505548. What is the ten thousands digit of l?
7
Suppose -5*k + 15 = -2*k, -4*y = -2*k + 2350. Let n = 473 - y. What is the units digit of n?
8
Let h = 99222 + -65834. What is the tens digit of h?
8
Suppose -4*b = 53 - 1. Let h = b + 13. Suppose 3*q - 3*g - 135 = h, -g + 4*g + 177 = 4*q. What is the tens digit of q?
4
Suppose -k + 4*k = q + 24, 2*q = 6. Suppose -z = -4*z + k. Suppose -z*t = 4*x - 162, -3*x + 20 = -2*t - 93. What is the units digit of x?
9
Let w(m) = 64*m + 15. Let b be w(-4). Let x = -111 - b. What is the tens digit of x?
3
Let t = -477 + 547. Suppose -t*u = -75*u + 1085. What is the tens digit of u?
1
Let j(l) = 3*l**3 + l**2 + 4*l + 3. Let r be j(-3). Let i be 115/(-10)*4/2. Let o = i - r. What is the units digit of o?
8
Let n = 342 + -119. Let b(g) = -32*g + 3. Let x be b(4). Let p = x + n. What is the tens digit of p?
9
Let m = 239343 - 154855. What is the hundreds digit of m?
4
Let f(t) be the third derivative of 34*t**4 - 23*t**3/6 - 27*t**2 - t. What is the tens digit of f(1)?
9
Let z(t) = 2 + 28*t**2 - 5*t + t + 0*t. Suppose -2*y = -p + 2*y + 14, 22 = 5*p - 4*y. What is the tens digit of z(p)?
0
Let l(u) = u**2 - 36*u + 20. Let n(q) = 2*q**2 - 36*q + 21. Let v(y) = -5*l(y) + 4*n(y). What is the units digit of v(-15)?
9
Suppose -9*u + 7*u = 2*a - 44392, 4*a - 16 = 0. What is the ten thousands digit of u?
2
Let f(c) be the first derivative of -c**3/3 - 27*c**2/2 - 33*c + 58. What is the tens digit of f(-22)?
7
Suppose -10*l + 169250 = -6550. Suppose k + l = 16*k. What is the hundreds digit of k?
1
Let n(g) = -2*g**2 - 11*g - 6. Let y be n(-7). Let a(p) = -p**3 + 16*p**2 - 21*p + 12. Let z be a(15). Let u = y - z. What is the units digit of u?
1
Let f be (-35)/(-28) - 4815/(-4). Suppose 2*r = 5*i - f, -3*r = -3*i - 2*i + 1210. What is the units digit of i?
9
Let k be 4/3*171/6. Suppose k*y = 12*y + 104. What is the units digit of y?
4
Suppose -455988 = -181*l + 33*l. What is the units digit of l?
1
Let q(v) = 56*v + 7. Let p be q(-8). Let y = p + 762. Suppose 3*k = 5*n + y + 134, -3*k - n = -449. What is the units digit of k?
0
What is the ten thousands digit of -21*((-22834)/(-21))/(-2)?
1
Let b(u) = 2*u**2 + 2*u - 10. Let f be b(2). What is the tens digit of (-9 - 37)*f/(-4)?
2
Let o be (16/28)/((-8)/(-28)). Suppose 4*x - 2*h = 56, 5*h - 37 = -o*x + 15. Suppose -z = 3*c - x, 5*z - 67 = 3*c + 13. What is the tens digit of z?
1
What is the units digit of 3/(114/4) + (-1327560)/(-76)?
8
Let y be (-2)/((-55)/(-2497)*2/(-5)). Let q = -101 + y. Suppose 9*u = 3*u + q. What is the tens digit of u?
2
Let x = 181 + -301. Let t = 45 + x. Let h = t + 133. What is the tens digit of h?
5
Suppose -5*f - 6*j = -j, -5*f + 2*j + 14 = 0. Suppose b - 4*b + f = 5*m, -10 = 5*m. What is the tens digit of 106/9 + (-204)/54 + b?
1
Suppose 23*q - 26840 = -j + 18*q, -107296 = -4*j - 4*q. What is the units digit of j?
0
Suppose -7*p - 6 = -41. Suppose z + p = 33. What is the hundreds digit of (z/(-8) - -3)*0 + 132?
1
Let y = 21798 + -9761. What is the hundreds digit of y?
0
Suppose -2*b - 3*g - 14 = 0, 2*b - 2*g = 1 + 5. Let f(h) = -1 - 27912*h**3 - 3*h + 27885*h**3 + 0*h + 0 - 3*h**2. What is the tens digit of f(b)?
2
Let h = 7991 + -5644. What is the tens digit of h?
4
Suppose -3*f = f + 148. Let h(a) = -44*a**2 - 6*a + 13. Let j be h(2). Let s = f - j. What is the tens digit of s?
3
Let s(i) = 211*i**2 + 62*i - 242. What is the thousands digit of s(4)?
3
Suppose 5*h = 2*k, 18*k - 3*h + 4 = 16*k. Let v(t) = 28*t**2 + 9*t - 5. What is the hundreds digit of v(k)?
6
Let x = 171 - 271. Let w = 489 + -321. Let a = w + x. What is the units digit of a?
8
Let h(j) = -561*j - 808. What is the units digit of h(-16)?
8
Let b = 111 + -103. Suppose 1112 = 12*w - b*w. What is the tens digit of w?
7
Suppose 0*o + 132720 = 11*o + 4*o. What is the tens digit of o?
4
Suppose -4*o - 2 + 18 = -2*v, -5*o + 29 = 2*v. Suppose -192*i + 6820 = -130*i. Suppose 10 = v*x, -5*s - x = -3*x - i. What is the units digit of s?
4
Suppose -27808 = -9*r + 14825. What is the tens digit of r?
3
Suppose 5*b + 59699 = -h + 299547, 4*b = -2*h + 191882. What is the units digit of b?
9
Suppose 6*f - 274 = 596. Let a = f + -95. Let i = -12 + a. What is the tens digit of i?
3
Suppose -6*p = -p + 5. Let x be (p/(-2))/((-2)/(-200)). What is the units digit of x/(-20)*(-428)/10?
7
Let c = -325 + 144. Let o = c - -424. What is the tens digit of o?
4
Let t(w) = w**2 + 6*w - 14. Let i be t(-8). Let o(z) = z**3 - 2*z**2 - 5*z - 11 - 3 - 5 + 15*z**i. What is the tens digit of o(-13)?
4
Suppose 2*t + 1020 = -2*t. Let z be ((-238)/2 - 24/(11 + -7)) + -7. Let y = z - t. What is the units digit of y?
3
Let f be 4 + 145/5*9. Suppose 6*i - f = -5*n + i, -4*n - 5*i = -210. Suppose 3*b - 20 = n. What is the units digit of b?
5
Let t(a) = -a**2 + 14*a - 3. Suppose -81 = -5*g - 4*g. Let s be t(g). Let u = -21 + s. What is the tens digit of u?
2
What is the thousands digit of (966200/(-150))/((-4)/3)?
4
Let p(n) be the third derivative of -n**5/60 - n**4/2 + 3*n**3/2 - 19*n**2. Let f be p(-9). Suppose 3*a = f - 6. What is the tens digit of a?
1
Suppose -19*u - 35*u = -825665 - 261895. What is the units digit of u?
0
Let j = 2595 + -998. What is the tens digit of j?
9
Let k be (-2)/((-2)/(-3)) + 127. Suppose 3*p + 4*g = 2*g - 76, -5*p - k = 2*g. Let m = p - -31. What is the units digit of m?
7
Let i = -9658 + 22408. What is the ten thousands digit of i?
1
Let h(j) = 11*j**2 - 13*j + 36. Suppose b = -3*u + 28 - 11, 3*b + 47 = 5*u. Let g be h(u). Suppose -66*x = -68*x + g. What is the units digit of x?
2
Let y be (-50175)/50*(-4)/2. What is the hundreds digit of 2*y/24 - (-29)/(-116)?
1
Suppose -19 - 346 = -q. Suppose -12*j = -11*j - q. What is the units digit of j?
5
Suppose 219*a = 216*a + 5*u + 96174, 3*a - 96198 = u. What is the thousands digit of a?
2
What is the tens digit of (-1 - -69539) + ((-540)/(-12) - 47)?
3
Let q(s) = 57*s - 1259. What is the thousands digit of q(78)?
3
Let z be (-580)/(-6) + 4/12. Let o = -58 + 0. Let m = o + z. What is the units digit of m?
9
Let g(c) = -5*c**2 + 13*c + 11. Let u be g(3). Suppose -u*a + 1580 = -1510. What is the tens digit of a?
1
Suppose -122*o = -123*o + 2*r + 11, 0 = -4*o + 2*r + 20. Suppose o*i + 5163 = 3*l, 1025 = l - 5*i - 712. What is the hundreds digit of l?
7
Let o be 3/2*146*(-2 + 17). Suppose 18*v - 9*v - o = 0. What is the units digit of v?
5
Suppose 4*u - 501*q + 5 = -498*q, -5*u - 2*q = -34. Let z be 206 + 1*(-2 + 0). Suppose a - 394 = u*m - 6*m, m - 3*a - z = 0. What is the units digit of m?
8
Let p(v) = 13*v - 39. Let b be p(13). Let m be 6/((-1)/2*-3). What is the tens digit of b/m - (25/10 + -2)?
3
Let g(l) be the third derivative of -91*l**4/24 - 7*l**3/2 - 31*l**2 - l. What is the units digit of g(-7)?
6
Let o